
What is 331 (base 6) in base 10?
127
What is -53 (base 10) in base 6?
-125
Convert 7 (base 16) to base 11.
7
-73 (base 10) to base 11
-67
Convert -4 (base 12) to base 13.
-4
Convert -3201 (base 4) to base 3.
-22100
What is -15 (base 16) in base 6?
-33
What is 10 (base 14) in base 7?
20
What is 7 (base 8) in base 7?
10
What is -1 (base 5) in base 15?
-1
-5 (base 8) to base 2
-101
Convert -33 (base 14) to base 11.
-41
76 (base 11) to base 9
102
Convert -2 (base 14) to base 2.
-10
a (base 11) to base 5
20
What is 6 (base 9) in base 12?
6
Convert 6 (base 8) to base 16.
6
4 (base 8) to base 4
10
2e (base 15) to base 5
134
What is 2 (base 15) in base 14?
2
What is -74 (base 12) in base 2?
-1011000
What is -4 (base 12) in base 11?
-4
What is -11 (base 6) in base 15?
-7
Convert -a (base 14) to base 4.
-22
7 (base 9) to base 10
7
Convert 3 (base 16) to base 9.
3
Convert -22000 (base 3) to base 8.
-330
What is 20 (base 4) in base 16?
8
3 (base 15) to base 12
3
-10 (base 5) to base 8
-5
What is 152 (base 10) in base 13?
b9
421 (base 8) to base 15
133
Convert -2 (base 15) to base 9.
-2
0 (base 6) to base 11
0
Convert 3b (base 13) to base 11.
46
-1 (base 4) to base 10
-1
-c8 (base 15) to base 11
-161
What is -3 (base 10) in base 5?
-3
421 (base 5) to base 12
93
-165 (base 8) to base 6
-313
Convert -38 (base 10) to base 12.
-32
Convert -101 (base 4) to base 2.
-10001
1 (base 2) to base 5
1
Convert 4 (base 15) to base 7.
4
-117 (base 8) to base 16
-4f
13 (base 5) to base 2
1000
Convert 127 (base 8) to base 15.
5c
Convert 4 (base 5) to base 15.
4
-3 (base 13) to base 14
-3
Convert 16 (base 10) to base 3.
121
-1 (base 5) to base 2
-1
Convert -10000001 (base 2) to base 14.
-93
What is -10 (base 2) in base 8?
-2
What is -51 (base 10) in base 11?
-47
-c (base 13) to base 10
-12
What is 1 (base 4) in base 3?
1
Convert 9 (base 11) to base 14.
9
Convert 3 (base 11) to base 8.
3
Convert -16 (base 12) to base 6.
-30
What is 2 (base 13) in base 4?
2
What is -b (base 15) in base 2?
-1011
Convert 54 (base 10) to base 7.
105
Convert -3 (base 16) to base 9.
-3
-20 (base 11) to base 7
-31
Convert -1355 (base 6) to base 5.
-2414
Convert 110 (base 4) to base 3.
202
What is 3 (base 13) in base 12?
3
3 (base 6) to base 3
10
Convert ae (base 16) to base 4.
2232
Convert -43 (base 14) to base 16.
-3b
-414 (base 5) to base 3
-11001
111 (base 2) to base 10
7
88 (base 11) to base 10
96
What is -40 (base 5) in base 7?
-26
What is 1000 (base 2) in base 8?
10
-10100 (base 2) to base 12
-18
Convert -101010 (base 2) to base 4.
-222
Convert -200 (base 7) to base 9.
-118
-3 (base 5) to base 8
-3
-2 (base 12) to base 7
-2
-5 (base 7) to base 12
-5
Convert 7 (base 13) to base 3.
21
Convert -111010 (base 3) to base 16.
-162
What is 323 (base 4) in base 15?
3e
Convert 5 (base 10) to base 16.
5
What is 102021 (base 3) in base 11?
257
-30 (base 7) to base 13
-18
What is -9 (base 14) in base 12?
-9
-23 (base 8) to base 14
-15
-1d (base 15) to base 6
-44
1021 (base 6) to base 16
e5
What is 2111 (base 3) in base 14?
4b
What is 23 (base 10) in base 3?
212
Convert -161 (base 8) to base 13.
-89
-11 (base 2) to base 10
-3
What is -1030 (base 4) in base 5?
-301
What is -21 (base 11) in base 2?
-10111
What is 5 (base 10) in base 14?
5
Convert 11 (base 3) to base 12.
4
What is -2211 (base 3) in base 4?
-1030
What is -1a (base 15) in base 13?
-1c
2 (base 12) to base 7
2
Convert 2 (base 15) to base 14.
2
-38 (base 11) to base 4
-221
What is -1201 (base 3) in base 12?
-3a
What is 10 (base 16) in base 15?
11
What is 310 (base 6) in base 11?
a4
Convert 1 (base 10) to base 13.
1
-38 (base 13) to base 14
-35
What is b (base 13) in base 3?
102
What is 1 (base 4) in base 10?
1
What is 1 (base 5) in base 15?
1
What is 5 (base 14) in base 15?
5
Convert -221 (base 3) to base 9.
-27
-4 (base 14) to base 15
-4
Convert -7 (base 15) to base 13.
-7
What is -256 (base 10) in base 2?
-100000000
12 (base 9) to base 15
b
What is -231 (base 7) in base 13?
-93
201 (base 7) to base 10
99
What is -3 (base 16) in base 12?
-3
Convert -4 (base 9) to base 5.
-4
Convert -10 (base 7) to base 6.
-11
Convert 135 (base 6) to base 10.
59
0 (base 14) to base 10
0
Convert -1 (base 12) to base 8.
-1
13 (base 7) to base 15
a
What is 1 (base 8) in base 13?
1
Convert 7 (base 8) to base 6.
11
What is -7 (base 15) in base 11?
-7
Convert -65 (base 8) to base 13.
-41
-11 (base 2) to base 4
-3
Convert 7 (base 10) to base 15.
7
Convert -31 (base 7) to base 4.
-112
Convert 9 (base 12) to base 11.
9
-571 (base 8) to base 5
-3002
Convert -113 (base 4) to base 13.
-1a
What is -5 (base 14) in base 11?
-5
-2 (base 4) to base 5
-2
What is 10 (base 2) in base 15?
2
-7 (base 11) to base 2
-111
What is -14 (base 11) in base 4?
-33
What is -8 (base 11) in base 6?
-12
What is -1011000 (base 2) in base 13?
-6a
-45 (base 12) to base 3
-1222
What is -8 (base 10) in base 5?
-13
Convert -11 (base 3) to base 14.
-4
What is 45 (base 6) in base 13?
23
17 (base 15) to base 6
34
Convert 181 (base 9) to base 12.
10a
-21 (base 5) to base 10
-11
-1 (base 16) to base 2
-1
-6 (base 10) to base 9
-6
6 (base 8) to base 16
6
What is -12 (base 10) in base 14?
-c
What is 0 (base 14) in base 15?
0
What is 9 (base 14) in base 9?
10
What is -b (base 16) in base 6?
-15
Convert -36 (base 9) to base 5.
-113
What is 101 (base 4) in base 6?
25
Convert ef (base 16) to base 12.
17b
What is -132 (base 8) in base 16?
-5a
Convert 3 (base 8) to base 3.
10
-18 (base 14) to base 3
-211
Convert 25 (base 13) to base 14.
23
What is -112 (base 3) in base 12?
-12
Convert -13 (base 9) to base 6.
-20
What is 5 (base 13) in base 16?
5
What is -43 (base 8) in base 15?
-25
-111 (base 2) to base 6
-11
ab (base 14) to base 12
107
What is 5 (base 7) in base 6?
5
-2 (base 11) to base 3
-2
What is -35 (base 8) in base 13?
-23
1100 (base 2) to base 16
c
What is 0 (base 13) in base 8?
0
-b3 (base 14) to base 11
-133
What is 18 (base 10) in base 12?
16
195 (base 12) to base 14
145
37 (base 14) to base 8
61
What is -11 (base 9) in base 4?
-22
Convert -6 (base 8) to base 13.
-6
What is -1231 (base 4) in base 11?
-9a
Convert 2 (base 3) to base 15.
2
11000000 (base 2) to base 8
300
What is -3 (base 9) in base 11?
-3
28 (base 9) to base 4
122
-20 (base 3) to base 10
-6
-7 (base 9) to base 16
-7
What is -124 (base 15) in base 13?
-16c
What is -a (base 14) in base 16?
-a
-9 (base 16) to base 15
-9
Convert -2201 (base 5) to base 6.
-1221
What is 9 (base 15) in base 12?
9
Convert 22 (base 7) to base 11.
15
0 (base 13) to base 10
0
What is 11 (base 9) in base 12?
a
-11 (base 2) to base 13
-3
Convert 3 (base 8) to base 6.
3
What is -63 (base 16) in base 8?
-143
What is -1 (base 13) in base 14?
-1
What is 1000 (base 2) in base 15?
8
What is 4 (base 14) in base 3?
11
-3 (base 10) to base 2
-11
What is -22012 (base 3) in base 6?
-1005
35 (base 6) to base 3
212
What is b (base 16) in base 10?
11
What is 4 (base 15) in base 4?
10
-2 (base 6) to base 15
-2
Convert 30 (base 12) to base 13.
2a
What is -121 (base 6) in base 12?
-41
Convert 0 (base 5) to base 2.
0
What is 3 (base 16) in base 14?
3
Convert 13 (base 5) to base 15.
8
What is -302 (base 4) in base 3?
-1212
Convert -4 (base 10) to base 12.
-4
What is -1 (base 5) in base 15?
-1
What is 0 (base 8) in base 3?
0
What is -7a (base 14) in base 12?
-90
-22 (base 15) to base 8
-40
Convert 1220 (base 4) to base 15.
6e
Convert -12 (base 7) to base 5.
-14
Convert 7 (base 16) to base 9.
7
What is -337 (base 8) in base 2?
-11011111
Convert -1b (base 12) to base 15.
-18
What is -1130 (base 5) in base 14?
-bb
What is 112 (base 4) in base 16?
16
Convert -10001100 (base 2) to base 12.
-b8
Convert -440 (base 5) to base 13.
-93
What is 4 (base 11) in base 16?
4
What is 20 (base 7) in base 3?
112
What is -56 (base 10) in base 4?
-320
Convert -2233 (base 5) to base 14.
-18a
What is -215 (base 7) in base 12?
-92
What is -5 (base 7) in base 15?
-5
What is -3 (base 9) in base 4?
-3
-1 (base 16) to base 4
-1
2b (base 13) to base 16
25
What is -10 (base 4) in base 14?
-4
Convert -136 (base 13) to base 4.
-3112
Convert -1000 (base 2) to base 10.
-8
Convert 22 (base 5) to base 12.
10
Convert 6 (base 10) to base 12.
6
What is -8 (base 9) in base 8?
-10
22 (base 5) to base 7
15
What is -31 (base 5) 